1 - (8 + -9 + -17 - -53).
-24
-11 + 8 + 11 + 17
25
Evaluate -172 + 163 - (-1 - 23).
15
8 + (-11 - -12) + -4 + -19
-14
Evaluate (-22 - -40) + -6 + (4 - -3) + 3.
22
(-7 - (-4 + -2 + (13 - 9))) + 5
0
What is -17 - (-15 + -13 - -1)?
10
13 + (-7 - 21) - -5
-10
(-6 - (1 + (-21 - -8))) + 2
8
What is (-11 - (-2 - 4 - (-39 + 50))) + 3?
9
Evaluate -17 - -15 - 14 - -10.
-6
What is 29 + (34 - 6 - 48)?
9
What is 0 + 1 - (4 + 0 - (16 + -13))?
0
What is 1 - (15 + -1 - (1 + -4 - 0))?
-16
Evaluate -2 + -17 + (-12 - -12 - -5) + 6.
-8
Calculate (11 + -15 - -7 - -8) + 11.
22
Evaluate 5 + (12 + -19 - 11 - (-3 + 2)).
-12
Evaluate 17 - -5 - 12 - (16 - 4).
-2
Evaluate -1 + (2 + -2 + -6 - 2).
-9
3 - (-2 + 5 - 2) - (-25 - -25)
2
What is the value of (11 - (17 - (2 - -3))) + -12?
-13
-30 - (-33 + 16 - 1)
-12
1 + 24 - (-10 + (-8 - -45) + -22)
20
Evaluate -41 - -37 - (-5 - (-10 + -3) - -12).
-24
Calculate (3 - -1 - 15) + (-170 - -167).
-14
Evaluate 6 + -6 + (-2 - 7) + 18.
9
Calculate -33 - -25 - (4 - 26).
14
What is 0 - (-8 + (8 + -6 - 4) + -14)?
24
(2 - 10) + 2 + (11 + -3 - -4)
6
Calculate 3 + 5 + -7 + 5 + (0 - 2).
4
What is the value of (16 - (28 + -3)) + 26?
17
What is the value of -2 + (0 - 5) + (-1 - 2)?
-10
Calculate -2 + (-6 - 8) + 9 + 17.
10
Calculate (-126 - -129) + (-8 - 1).
-6
Calculate -2 - -2 - (-9 + 12).
-3
What is 9 - (-12 + 30 + 13)?
-22
12 + -38 + (5 - (9 - -1)) + 2
-29
What is 8 + -5 - (13 - 9) - -4?
3
What is (-30 - (-4 - -29)) + 34?
-21
2 + (-12 + 7 - 9)
-12
Evaluate -10 + (2 - (-12 + -1 + 13)).
-8
Calculate 3 + -3 - (55 - 51) - (-1 - -1).
-4
-1 - 2 - 3 - (-82 - -48)
28
What is 0 + -11 + 15 + 4?
8
2 - ((-43 - (-99 + 15)) + (-7 - 0))
-32
Calculate 5 - (-37 + 19 + 19 + -8).
12
8 + -48 - 3 - (-18 + 5)
-30
Calculate -4 + (-12 - ((-4 - 5) + -2)).
-5
What is 41 + -2 + 48 + (2 - 60)?
29
-5 + -20 + 11 + -1 + -19 + 3
-31
Calculate -1 + -16 - (151 + -198).
30
Evaluate -24 + -1 - (9 + 7 - 23 - -7).
-25
What is the value of 7 + 2 + 3 + 2?
14
-20 + 0 - (9 - 11) - (-58 + 51)
-11
1 - -15 - (-8 + -12 + 12 - -11)
13
1 + (-4 + 3 - (-4 - 1 - 0))
5
What is the value of 32 - (-20 + 82) - -41?
11
What is the value of 15 - (-4 - (-62 - -8)) - -10?
-25
What is the value of 4 + 14 + -19 + 10?
9
Calculate -67 - -75 - (3 + -7 + 10).
2
What is 1 - (0 - 0) - 2 - (127 - 146)?
18
What is (98 + -82 - (7 + -1)) + -19?
-9
Calculate 10 + 1 + -13 - (5 + (1 - 3)).
-5
Evaluate -14 - (21 - 21 - (2 + -1 + 3)).
-10
What is the value of 28 - 46 - 21 - -23?
-16
What is the value of -11 + (1 + 37 - (5 - -3))?
19
Calculate (0 - (-7 - 0)) + (14 - 2 - 9).
10
Evaluate (0 - (3 - (10 + -5))) + 0 + -11.
-9
Evaluate -2 + (-4 + -1 - (-15 + 10)) - -14.
12
Evaluate -8 - (-49 - -26) - 24.
-9
Calculate 31 + -32 + (6 - 11 - -6).
0
What is the value of 7 + (32 - (-14 - -57))?
-4
Calculate -44 - (-15 - 19) - (-9 + -1).
0
39 - 35 - (6 + 4 + -1)
-5
Evaluate (-11 + -1 - 1) + (32 + -34 - -9).
-6
What is the value of 53 - (29 - 21) - 44?
1
8 - (10 + -7 + -6)
11
Evaluate (1 - 6) + 1 + 13 + -17.
-8
Evaluate 8 - (-10 + 21) - (0 + -3 - -5).
-5
Calculate 7 + -21 + 1 + 16.
3
Calculate 3 + (6 - 5) + 21 + -18.
7
What is -2 - (-18 - 2) - (-449 - -450)?
17
Calculate -50 + 62 - 24 - (10 + -1).
-21
Calculate (1 + 9 - 6 - 5) + -2.
-3
What is (19 - 1) + 1998 + -2046?
-30
What is the value of -26 - (5 - 24) - 9?
-16
Evaluate (9 - 1 - -1 - 0) + 182 + -165.
26
Calculate (137 - 133) + 1 + 3 + 1 + 0.
9
What is 0 - 7 - (-9 + 9 + -12) - 26?
-21
Calculate (-680 - -689) + 12 + 2.
23
(-11 - (-31 - -36)) + -1 + 0 + -1
-18
Evaluate 17 + (-3 - 0) - (83 - 58).
-11
(-43 + 48 - (7 + 0 + 0)) + 17
15
Calculate 5 - (-7 - (7 + -31)).
-12
4 + (0 + 2 - (-4 + 19))
-9
What is 150 - 156 - (4 + 4 - -3)?
-17
9 + -7 + -2 - (-7 + -2 + 16)
-7
(9 + 6 + -3 + -11 - -9) + -33
-23
Calculate -9 - ((45 - 42) + (0 - 25)).
13
16491 + -16508 - (-6 + (1 - 1) + 0)
-11
Evaluate 9 - (15 - 7) - 9.
-8
Evaluate -16 + -9 + 23 - 12.
-14
What is -1 - (-9 - ((5 - 15) + 7))?
5
Calculate (-17 + -2 - (-33 - -45)) + 3.
-28
What is -106 - (-10 - 86) - (-36 - (-1 - 0))?
25
(12 - (1 - (10 + -11))) + -6
4
Evaluate (82 - 77) + (0 + (3 - 0) - 22).
-14
What is 2 + 10 - (327 + -343)?
28
What is (-19 - -22) + -15 + -5?
-17
What is -4 + 1 + (-14 - (-12 + 14) - -35)?
16
What is (5 + 0 - (87 - 81)) + 10 - 25?
-16
Calculate 25 + -18 + -6 + -2 + 13.
12
What is the value of (-9 + 5 - (-6 + (-10 - -13))) + 6?
5
Calculate (-105 - -95) + 6 + (5 - 1).
0
What is -3 + -12 + -1 - -4 - (7 - 6)?
-13
What is the value of -6 + -14 + (-8 - (2 - (6 + -3)))?
-27
(2 - 2) + -2 + 0 - (48 - 41)
-9
Calculate 10 - -4 - (-1 + 23).
-8
Calculate -4 - 5 - (-21 - (-3 + 2)).
11
What is the value of -8 + (6 + -4 - -2 - 0) - 3?
-7
Calculate -14 - (-39 + 13 + 1).
11
Calculate (-24 - 3) + -4 + 20.
-11
What is the value of -2 - (6 + (6 - 8)) - -6?
0
Calculate 3 - (-26 + 37 + (-1 - 21)).
14
Evaluate -27 - (-7 + (-17 - -16)).
-19
11 + 27 + -10 + -22
6
Evaluate 6 + -2 - (1 - 10 - -12).
1
What is the value of (-24 - -30) + -4 + 4?
6
What is the value of (2 - (1 + -1)) + -320 + 311?
-7
Evaluate -2 + 3 + -17 + 11.
-5
Calculate (-4 - 6) + (-3 - 6) + 5.
-14
What is -35 + 29 + (3 - -2) + -6?
-7
What is 4 - -21 - (26 + 8)?
-9
Evaluate 238 + -238 + (20 - 2).
18
What is -14 + 3 + 0 + (8 - (32 - 41))?
6
Evaluate -1 + 0 + -3 + (4 - (28 - 19)).
-9
Evaluate -4 - (-14 - (1 + -1)).
10
What is the value of 9 - 16 - 9 - (-9 + (7 - 2))?
-12
What is 3 + 4 + -11 + 5 - 21 - 1?
-21
What is 1 + (0 - -5) + 10 + -1 + -1?
14
(-6 - -9 - -5) + -12
-4
Evaluate -100 + 98 + (3 - -13).
14
Evaluate (13 - 7) + 12 + (-4 - -5).
19
What is the value of 0 + 1 - (136 - 109)?
-26
Calculate 24 - (16 - -13) - -18.
13
(-173 - -147) + (7 - -26)
7
Evaluate 21 - (-6 - (-9 - -1 - 2) - 1).
18
What is the value of -11 + 13 + 10 + -19?
-7
Evaluate 56 + -36 + -6 + -1.
13
What is the value of -3 + 7 + -15 + 1 + 11?
1
What is (-8 - (-2 + -8)) + (9 - 4)?
7
Evaluate (6 - 4) + (-11 - -6 - 12) + -7.
-22
Calculate -10 + (-13 - (-42 - (-16 + 8))).
11
What is (9 - 1) + (-21 + 28 - (1 - -17))?
-3
What is (-2 - 2) + (10 + -1 - 3) + -1?
1
(0 - -4) + -26 + (19 - 12)
-15
What is -1 + 1 + (-204 - -203)?
-1
(-6 - (3 - 6) - -10) + (-313 - -310)
4
Calculate 41 - (16 - -7 - -6).
12
-9 - (11 - 15 - 31) - 13
13
Calculate (-4 - -4 - (6 + -5)) + -1 - 6.
-8
Calculate -23 + -20 + (-11 - -33).
-21
What is (26 - 29) + (-1 - 3)?
-7
3 - (-1 - -5) - (3 + -9 - 15)
20
What is (33 - (92 - 24)) + 11?
-24
What is the value of -3 + -7 + (65 - 51)?
4
Evaluate 20 + (6 - 7) + -23.
-4
-1 + (-2 - -14 - 6)
5
5 + -7 + (-8 - (-1 - 8 - -1))
-2
59 - (-13 + 30 + 15)
27
-2 - -2 - (15 + 12 + -14)
-13
Evaluate 21 + (-22 - -16) - (-13 + -1).
29
What is -7 + ((-6 - -2) + 8 - 8)?
-11
What is (8 + (-14 - -20) - -6) + 1?
21
Calculate -3 + (-2 - -13) + -14 + 11.
5
What is the value of -9 + 2 + 1 + -125 + 137?
6
What is the value of (0 - 0) + (3 - 15) + 12?
0
What is 18 - ((7 - 8) + -4 + 10)?
13
-7 - (6 + -4 + -4)
-5
What is -24 - ((9 - -15 - 20) + 1 + -10)?
-19
Evaluate 6 + (-40 - -25 - 0).
-9
Calculate 1 + -1 + (-8 - -1) + -3 + 21.
11
Evaluate 14 + -10 - ((-4 - -22) + (-4 - 0)).
-10
What is the value of (2 - -9 - 0) + -413 + 392?
-10
Evaluate -4 - (5 + 11) - (63 - 67).
-16
Evaluate (-4 - -14 - 2) + -6 + -8 + -16.
-22
What is the value of -31 - 0 - (-28 + 30 + 10 + -23)?
-20
What is (-1 - 16 - -9) + 3 + 0?
-5
Evaluate -12 + (-4 - (-30 + 18)).
-4
Evaluate 54 + 0 + 33 + -61.
26
What is 6 - -23 - 4 - 38?
-13
Calculate 47 + (-23 - 40 - -34).
18
Calculate -9 + 40 + -22 - (29 - 0) - -10.
-10
Evaluate -52 + 9 + 35 - (0 - 30).
22
What is the value of -7 + 3 + 8 + -1 + 6 + 0?
9
Calculate -8 + (6 + -11 + 12 - -9).
8
(-4 - (-16 - -5)) + -9 + 4
2
Evaluate 2 + (-17 - -2) - -1 - -6.
-6
-1 + -9 + -96 + 84 + 16
-6
What is (-25 - (12 - 13) - -13) + 17?
6
What is the value of 3 - (19 + 17 + -15 - (2 + 1))?
-15
What is the value of -3 - (3 - (2 + 4 + -8))?
-8
10 - (-3 - -18) - (-1 - -10)
-14
19 + (7 + 0 - (17 - 36 - -34))
11
Calculate 10 + -8 + -10 - -14.
6
(1 - 1) + -4 + 409 + -406
-1
Evaluate (0 - -1) + -79 + 74 + 8.
4
Calculate (15 - 1) + (-78 - -62).
-2
What is the value of -25 + (27 - (-18 + 29))?
-9
(10 - 16) + (6 - (8 - -1)) + -4
-13
What is 31 - (-39 + 33 + 58)?
-21
Calculate (-5 - -12) + -8 + -8 - -26.
17
What is -10 - (8 - (51 - 12)) - (1 +